 f**2 - f - 2. Determine h(0).
-2
Let h(c) = -3*c**3 + 3*c**2 - c - 4. Determine h(-1).
3
Let n(q) = q**3 + 5*q**2 + 4*q + 1. Calculate n(-3).
7
Let n(a) = 8*a + 23. Give n(-3).
-1
Let k(p) = -p**3 + 8*p**2 + 5*p + 2. Calculate k(9).
-34
Let q(p) = -p**3 - 4*p**2 - 15*p - 76. What is q(-4)?
-16
Let w(v) = v**3 + 4*v**2 + 13*v + 13. Calculate w(-5).
-77
Let v(u) = -u - 4. Determine v(-7).
3
Let p(r) = 2*r + 3. Determine p(-6).
-9
Let j(n) = -n**2 + 2*n + 3. Calculate j(5).
-12
Let q(s) = -30*s**3 + 13*s**2 - 14*s + 2. Calculate q(1).
-29
Let j(a) = -12*a - 2. What is j(-1)?
10
Let k(w) = 2*w**2 + 2*w + 4. Determine k(-2).
8
Let b(a) = -a**2 + 7*a + 9. Determine b(11).
-35
Let m(y) = 3*y**2 - 2*y + 3. Calculate m(3).
24
Let c(w) = -3*w + 24. Determine c(8).
0
Let s(t) = -5*t - 53. What is s(-17)?
32
Let h(w) = 7*w**2 + 4*w + 4. Give h(-1).
7
Let b(a) = -a**3 + 4*a**2 - 1. Give b(3).
8
Let u(j) = -17*j + 1. What is u(1)?
-16
Let i(l) = -11*l**2 + 42*l - 6. What is i(4)?
-14
Let f(y) = -y**3 - 8*y**2 - 10*y + 7. Calculate f(-6).
-5
Let o(b) = -6*b**2 + 2*b - 4. What is o(1)?
-8
Let c(u) = 6*u + 127. Determine c(-22).
-5
Let g(s) = 19*s + 421. Give g(-22).
3
Let t(b) = b**3 - b - 35. What is t(0)?
-35
Let c(t) = 8*t - 2. Calculate c(-3).
-26
Let t(f) = f**3 - 9*f**2 + 4*f + 16. Determine t(7).
-54
Let s(i) = i**2 + 12*i + 33. What is s(-10)?
13
Let u(p) = 3*p - 2. What is u(-6)?
-20
Let o(z) = -z**3 + 15*z**2 - 14*z - 6. Calculate o(14).
-6
Let j(q) = -q**3 + 15*q**2 - q + 18. Determine j(15).
3
Let n(x) = -x**3 + 9*x**2 + 8*x + 19. Give n(10).
-1
Let h(r) = 101*r + 210. Calculate h(-2).
8
Let o(b) = -b**3 - 11*b**2 + 14*b + 30. What is o(-12)?
6
Let v(s) = 2*s**3 + 7*s**2 - s + 14. What is v(-4)?
2
Let h(i) = -4*i**2 + 64*i + 12. Calculate h(16).
12
Let l(m) = -2*m**2 - 4*m - 4. Give l(-4).
-20
Let j(g) = -44*g - 4. Give j(1).
-48
Let o(q) = -q**3 + q**2 - 2*q + 1. What is o(3)?
-23
Let g(i) = -19*i - 36. What is g(-1)?
-17
Let v(c) = -c**3 + 10*c**2 - 23*c - 1. What is v(7)?
-15
Let s(w) = -15*w - 29. Give s(-3).
16
Let n(p) = -2*p**2 - 6*p - 5. Determine n(-5).
-25
Let m(q) = 11*q - 3. Determine m(3).
30
Let a(y) = y**3 + 16*y**2 + 5*y + 30. Determine a(-16).
-50
Let q(i) = -3*i**2 - 4*i - 5. Give q(-2).
-9
Let a(h) = 31*h + 130. What is a(-4)?
6
Let t(g) = g**3 + 11*g**2 + 12*g + 50. Calculate t(-10).
30
Let t(h) = -h**3 - 7*h**2 + 7*h - 8. Determine t(-8).
0
Let u(l) = l**3 + 2*l**2 - 3*l - 5. Give u(-2).
1
Let y(o) = -o**3 + 3*o**2 - 10*o + 18. Determine y(3).
-12
Let s(z) = -z**3 + 23*z**2 + 52*z - 53. Give s(25).
-3
Let w(x) = -x**2 + x + 35. Determine w(6).
5
Let s(g) = -g**3 + 5*g**2 - 4*g. Calculate s(3).
6
Let w(u) = -20*u**3 - 3*u**2 - 2*u. Determine w(-1).
19
Let v(m) = -5*m + 70. What is v(16)?
-10
Let n(v) = -2*v**2 - 5*v - 20. Calculate n(-6).
-62
Let g(q) = -q**2 + 6*q - 7. What is g(2)?
1
Let d(a) = a**3 + 5*a**2 - a - 3. Calculate d(-5).
2
Let s(w) = 4*w - 4. What is s(2)?
4
Let u(k) = -k**3 + 6*k**2 + 9*k - 10. Determine u(7).
4
Let l(d) = d**2 - 20*d - 49. What is l(21)?
-28
Let w(c) = c**2 + 6*c - 40. What is w(4)?
0
Let u(r) = r**2 + 10*r - 3. Determine u(-7).
-24
Let k(w) = w**3 + w - 21. Give k(0).
-21
Let h(t) = -t**3 + 5*t**2 - 4*t + 8. Calculate h(5).
-12
Let q(b) = b**2 + 42*b + 86. Give q(-40).
6
Let g(y) = -9*y - 18. Determine g(-11).
81
Let r(t) = 2*t**2 - 7*t - 43. Give r(7).
6
Let h(j) = -j**2 + j + 6. Calculate h(4).
-6
Let g(f) = f + 16. Calculate g(-4).
12
Let c(w) = -w**3 + 2*w**2 + 5*w - 3. What is c(0)?
-3
Let g(c) = 7*c - 203. What is g(29)?
0
Let q(n) = -n**2 - 25*n - 118. Calculate q(-19).
-4
Let i(u) = -u**3 - 21*u**2 - 25*u + 1. Give i(-20).
101
Let b(h) = 7*h + 11. What is b(1)?
18
Let i(b) = -b**3 - 26*b**2 - 31*b - 13. Give i(-25).
137
Let g(o) = o**3 - o. Determine g(0).
0
Let x(o) = -2*o**2 - 5*o + 1. Determine x(-4).
-11
Let t(w) = -w**3 - w**2 + 4*w - 2. Calculate t(-3).
4
Let m(y) = y**3 - 20*y**2 - 1. What is m(20)?
-1
Let a(m) = 10*m + 1. What is a(-1)?
-9
Let v(i) = i**2 + 6*i + 14. What is v(-4)?
6
Let x(a) = a + 1. Give x(-8).
-7
Let c(v) = -v**2 - 2*v - 8. Determine c(-6).
-32
Let z(i) = i. What is z(6)?
6
Let l(z) = -z**2 + 8*z - 3. Determine l(6).
9
Let a(s) = s**2 - 31*s - 361. What is a(40)?
-1
Let x(s) = -s**2 + 26*s + 18. Give x(15).
183
Let q(z) = -10*z**3 + 3*z**2 + 3*z + 1. Give q(-1).
11
Let q(z) = z**3 - 17*z**2 + 56*z - 7. Calculate q(4).
9
Let y(t) = -26*t**3 + 1. Give y(1).
-25
Let b(r) = 6*r - 5. Calculate b(-7).
-47
Let q(d) = 6*d - 15. What is q(4)?
9
Let g(a) = -a**3 - 5*a**2 + 6*a + 3. Determine g(-4).
-37
Let r(t) = 142*t + 293. Give r(-2).
9
Let c(b) = b**2 + 2*b - 8. Give c(-5).
7
Let x(y) = -3*y**3 - 12*y**2 + 2*y + 15. Give x(-5).
80
Let s(i) = -i**2 - 38*i + 18. What is s(-38)?
18
Let c(d) = -d - 12. Give c(-8).
-4
Let c(h) = -h**2 + 6*h - 15. Calculate c(2).
-7
Let m(o) = -2*o**2 + 4*o - 22. Give m(6).
-70
Let h(x) = x + 37. Calculate h(-15).
22
Let m(k) = -17*k**2 + 3*k - 1. Determine m(1).
-15
Let g(x) = -x**3 + 3*x**2 + 8*x - 3. Calculate g(-3).
27
Let t(l) = 3*l**2 - 20*l + 7. Determine t(8).
39
Let n(i) = -187*i + 2423. Determine n(13).
-8
Let n(i) = i**2 + 3*i + 5. Calculate n(-5).
15
Let d(o) = 3*o - 88. Calculate d(32).
8
Let v(j) = 9*j**2 + j - 1. What is v(1)?
9
Let f(k) = 9*k - 6. What is f(2)?
12
Let d(r) = 6*r**2 - 39*r - 25. Give d(7).
-4
Let p(b) = b**2 - 20*b + 55. Calculate p(14).
-29
Let w(z) = 74*z**3 + z**2 + 4*z + 3. Give w(-1).
-74
Let w(y) = -25*y**3 - y**2 - y + 1. Determine w(-1).
26
Let n(g) = 16*g**3 - 3*g**2 + 8*g - 12. Give n(2).
120
Let z(n) = -3*n - 22. Give z(0).
-22
Let b(o) = -o**3 + 11*o**2 + o - 3. What is b(11)?
8
Let w(v) = 11*v + 195. What is w(-17)?
8
Let n(p) = -2*p**2 + 4*p - 11. Determine n(4).
-27
Let c(d) = 6*d**2 + 105*d - 28. What is c(-18)?
26
Let a(f) = -f**3 - 2*f**2 + 4*f - 8. Calculate a(0).
-8
Let n(s) = 4*s - 5. What is n(-4)?
-21
Let g(x) = 29*x**3 - x**2 - 2*x - 1. Determine g(-1).
-29
Let j(n) = 2*n**2 - 7*n - 24. What is j(7)?
25
Let v(w) = -2*w**2 + 17*w + 114. Give v(-5).
-21
Let d(z) = 2*z**2 - 52. Give d(0).
-52
Let k(f) = 4*f**2 - 9*f + 2. Give k(7).
135
Let n(f) = 2*f**2 + 6*f - 3. Give n(-8).
77
Let r(m) = -6*m - 22. Give r(-5).
8
Let u(i) = i**3 + 5*i**2 + 4*i. Give u(-5).
-20
Let r(c) = -5*c - 56. Determine r(-9).
-11
Let d(i) = 2*i**3 - 4*i**2 + 6*i + 4. Determine d(3).
40
Let a(g) = 2*g**3 + 7*g**2 - 6*g + 3. Give a(-5).
-42
Let p(n) = -n**3 - 13*n**2 + 32*n + 17. Determine p(-15).
-13
Let m(d) = -d**3 + 11*d**2 + 12*d + 27. What is m(11)?
159
Let y(d) = -6*d**2 + 120*d + 3. Determine y(20).
3
Let c(v) = -v**2 - 30*v + 51. Give c(-32).
-13
Let l(w) = 2*w**3 - 4*w**2 + 2*w. Give l(2).
4
Let w(u) = -6*u**2 - u + 1. What is w(-2)?
-21
Let p(g) = -2*g**2 - g - 12. Give p(6).
-90
Let t(a) = 16*a - 214. Determine t(13).
-6
Let u(i) = -2*i**2 + 2*i + 6. What is u(-4)?
-34
Let v(r) = r**2 + 16*r + 6. Calculate v(-12).
-42
Let n(i) = -3*i + 15. Determine n(7).
-6
Let v(b) = -4*b + 30. Calculate v(9).
-6
Let a(t) = -6*t - 13. Calculate a(-6).
23
Let j(c) = 5*c**3 + 3*c**2 + c - 2. What is j(-2)?
-32
Let y(d) = d**3 - 14*d**2 + 11*d + 31. Determine y(13).
5
Let g(y) = -19*y + 3. Give g(-1).
22
Let a(p) = -p**3 + 3*p**2 - 3. Determine a(2).
1
Let j(q) = q**3 + 6*q**2 + 9*q + 9. Give j(-4).
5
Let b(n) = 3*n**2 - 17*n + 6. What is b(7)?
34
Let j(g) = -g**2 + 13*g - 32. What is j(3)?
-2
Let r(p) = -49*p - 273. Calculate r(-6).
21
Let h(m) = -3*m**3 - 9*m**2 + 8*m + 5. Give h(-5).
115
Let o(a) = -8*a + 144. Determine o(19).
-8
Let g(t) = -t**3 + 8*t**2 - 7*t - 3. What is g(7)?
-3
Let z(s) = 6*s + 18. What is z(-3)?
0
Let c(x) = -x**2 - 23*x + 73. Calculate c(3).
-5
Let q(b) = -4*b**2 + 3*b - 4. Give q(2).
-14
Let a(y) = 5*y + 7. Calculate a(-15).
-68
Let r(l) = l**2 - 11*l + 20. Determine r(9).
2
Let c(w) = -w**3 - 9*w**2 - 22*w - 123. What is c(-8)?
-11
Let i(h) = h + 12. Calculate i(-4).
8
Let z(w) = -4*w + 4. What is z(3)?
-8
Let d(g) = 3*g**2 - 34*g + 30. Determine d(13).
95
Let r(m) = m - 2. Determine r(5).
3
Let q(c) = -c + 7. Calculate q(8).
-1
Let c(s) = -s**2 - 26*s - 12. Calculate c(-24).
36
Let n(v) = 8*v**3 + 3*v**2 - 1. Determine n(-2).
-53
Let k(x) = -x**3 - 15*x**2 - 37*x + 70. Calculate k(-1